{"id":2,"date":"2009-10-30T22:39:43","date_gmt":"2009-10-30T20:39:43","guid":{"rendered":"http:\/\/surogat.egophobia.ro?page_id=2"},"modified":"2014-01-17T15:27:27","modified_gmt":"2014-01-17T13:27:27","slug":"about","status":"publish","type":"page","link":"https:\/\/surogat.egophobia.ro\/?page_id=2","title":{"rendered":"carte"},"content":{"rendered":"<p align=justify>volumul de poerezii <em>SUROGAT<\/em> de <a href=\"https:\/\/surogat.egophobia.ro?page_id=13\">Sorin-Mihai Grad<\/a> a ap\u0103rut \u00een august 2010 la editura <a href=\"http:\/\/hergbenet.ro\" target=\"_blank\">Herg Benet Publishers<\/a>; cost\u0103 22 lei \u00een <a href=\"https:\/\/surogat.egophobia.ro?p=1558\">libr\u0103rii<\/a> \u015fi poate fi comandat la pre\u0163ul redus de 18 lei de pe <a href=\"http:\/\/www.libraria.hergbenet.ro\/?category=4&#038;product_id=4\" target=\"_blank\">site-ului editurii<\/a>; \u00een format electronic este disponibil pe <a href=\"http:\/\/www.elefant.ro\/carti\/fictiune\/poezie\/surogat-105401.html\" target=\"_blank\">elafant.ro<\/a> la pre\u021bul de 15,40 lei \u00een format .<em>mobi<\/em> \u0219i .<em>epub<\/em>; lansarea sa oficial\u0103 a avut loc pe 27.08.2010 la libr\u0103ria Diverta din Cluj-Napoca \u00een prezen\u021ba autorului \u0219i a editorului<\/p>\n<p align=justify>pe acest blog dedicat c\u0103r\u0163ii pute\u0163i citi <a href=\"https:\/\/surogat.egophobia.ro?cat=4\">poerezii din volum<\/a>,\u00a0<a href=\"https:\/\/surogat.egophobia.ro?tag=poezii-scoase\">poerezii care n-au intrat<\/a> \u00een varianta final\u0103 a volumului, <a href=\"https:\/\/surogat.egophobia.ro?cat=7\">nout\u0103\u0163i<\/a> referitoare la volum, diverse <a href=\"https:\/\/surogat.egophobia.ro?cat=6\">pove\u015fti<\/a> \u015fi <a href=\"https:\/\/surogat.egophobia.ro?cat=17\">reac\u0163ii<\/a> despre sau generate de el, g\u0103si\u0163i <a href=\"https:\/\/surogat.egophobia.ro?cat=49\">fotografii<\/a> de la lansarea sa \u015fi <a href=\"https:\/\/surogat.egophobia.ro?cat=54\">informa\u0163ii<\/a> despre unde \u015fi cum pute\u0163i intra \u00een posesia lui, dar nu numai<\/p>\n<p align=justify>volumul <em>SUROGAT<\/em> a fost r\u0103spl\u0103tit cu o men\u0163iune la concursul <a href=\"http:\/\/reteaualiterara.ning.com\/profiles\/blogs\/gala-premiilor-reteaua-1\" target=\"_blank\">cartea anului 2010<\/a> \u015fi a primit premiul concursului de debut al editurii Lumen; a ocupat locul 4 la sondajul &#8222;<a href=\"http:\/\/www.agentiadecarte.ro\/cele-mai-bune-carti-pentru-premiile-asb-2010\/\" target=\"_blank\">cele mai bune apari\u0163ii editoriale din 2010<\/a>&#8221; sec\u021biunea &#8222;debut&#8221; organizat de <a href=\"http:\/\/www.agentiadecarte.ro\" target=\"_blank\">agen\u021bia de carte<\/a>;<br \/>\neste recomandat de partenerii media BoomLIT &#038; <a href=\"http:\/\/egophobia.ro\" target=\"_blank\">EgoPHobia<\/a><\/p>\n<p align=justify><u>fi\u015fiere ata\u015fate<\/u>:<br \/>\n-comunicat de pres\u0103 cu prilejul lans\u0103rii volumului: .<a href=\"http:\/\/www.fileden.com\/files\/2008\/3\/18\/1822051\/\/comunicat-lansare_smg.pdf\">pdf<\/a> \/ .<a href=\"http:\/\/www.fileden.com\/files\/2008\/3\/18\/1822051\/\/comunicat-lansare_smg.rtf\">rtf<\/a><br \/>\n-comunicat de pres\u0103 dup\u0103 lansarea volumului: .<a href=\"http:\/\/www.fileden.com\/files\/2008\/3\/18\/1822051\/\/post-lansare-SUROGAT_sorin-mihai_grad.pdf\">pdf<\/a> \/ .<a href=\"http:\/\/www.fileden.com\/files\/2008\/3\/18\/1822051\/\/post-lansare-SUROGAT_sorin-mihai_grad.doc\">doc<\/a><br \/>\n-afi\u015ful lans\u0103rii volumului: .<a href=\"https:\/\/surogat.egophobia.ro\/wp-content\/uploads\/2010\/08\/poster-surogat.jpg\">jpg<\/a><br \/>\n-coperta volumului: .<a href=\"https:\/\/surogat.egophobia.ro\/wp-content\/uploads\/2010\/08\/HBP-SMG-surogat-coperti.jpg\">jpg<\/a><\/p>\n","protected":false},"excerpt":{"rendered":"<p>volumul de poerezii SUROGAT de Sorin-Mihai Grad a ap\u0103rut \u00een august 2010 la editura Herg Benet Publishers; cost\u0103 22 lei \u00een libr\u0103rii \u015fi poate fi comandat la pre\u0163ul redus de 18 lei de pe site-ului editurii; \u00een format electronic este disponibil pe elafant.ro la pre\u021bul de 15,40 lei \u00een format .mobi \u0219i .epub; lansarea sa [&hellip;]<\/p>\n","protected":false},"author":1,"featured_media":0,"parent":0,"menu_order":0,"comment_status":"open","ping_status":"open","template":"","meta":{"jetpack_post_was_ever_published":false,"footnotes":""},"class_list":["post-2","page","type-page","status-publish","hentry"],"jetpack_sharing_enabled":true,"jetpack_shortlink":"https:\/\/wp.me\/P7tHcY-2","_links":{"self":[{"href":"https:\/\/surogat.egophobia.ro\/index.php?rest_route=\/wp\/v2\/pages\/2","targetHints":{"allow":["GET"]}}],"collection":[{"href":"https:\/\/surogat.egophobia.ro\/index.php?rest_route=\/wp\/v2\/pages"}],"about":[{"href":"https:\/\/surogat.egophobia.ro\/index.php?rest_route=\/wp\/v2\/types\/page"}],"author":[{"embeddable":true,"href":"https:\/\/surogat.egophobia.ro\/index.php?rest_route=\/wp\/v2\/users\/1"}],"replies":[{"embeddable":true,"href":"https:\/\/surogat.egophobia.ro\/index.php?rest_route=%2Fwp%2Fv2%2Fcomments&post=2"}],"version-history":[{"count":34,"href":"https:\/\/surogat.egophobia.ro\/index.php?rest_route=\/wp\/v2\/pages\/2\/revisions"}],"predecessor-version":[{"id":2032,"href":"https:\/\/surogat.egophobia.ro\/index.php?rest_route=\/wp\/v2\/pages\/2\/revisions\/2032"}],"wp:attachment":[{"href":"https:\/\/surogat.egophobia.ro\/index.php?rest_route=%2Fwp%2Fv2%2Fmedia&parent=2"}],"curies":[{"name":"wp","href":"https:\/\/api.w.org\/{rel}","templated":true}]}}