{"id":430,"date":"2010-01-29T12:08:17","date_gmt":"2010-01-29T10:08:17","guid":{"rendered":"http:\/\/surogat.egophobia.ro?page_id=430"},"modified":"2013-03-27T09:21:32","modified_gmt":"2013-03-27T07:21:32","slug":"note-multumiri","status":"publish","type":"page","link":"https:\/\/surogat.egophobia.ro\/?page_id=430","title":{"rendered":"note &#038; mul\u0163umiri"},"content":{"rendered":"<p align=justify># desenul de pe <a href=\"https:\/\/surogat.egophobia.ro?p=314\">coperta<\/a> volumului a fost f\u0103cut de <font face=\"Palatino Linotype\">Carmen Lucia H\u0103l\u0103ciug\u0103<\/font><\/p>\n<p align=justify># <a href=\"https:\/\/surogat.egophobia.ro?p=186\"><em>Surogat f\u0103r\u0103 idei<\/em><\/a> con\u0163ine construc\u0163ii \u015fi idei din texte semnate de Marin Preda, George Bacovia, Edmond Haracourt, Mihai Eminescu, Mircea Dinescu \u015fi Nick F\u0103g\u0103dar<\/p>\n<p align=justify># <a href=\"https:\/\/surogat.egophobia.ro?p=154\"><em>Surogat degenera\u0163ionist<\/em><\/a> con\u0163ine construc\u0163ii \u015fi idei inspirate din texte semnate de R\u0103zvan \u0162upa, Cristian Pohrib, Dan Sociu, Claudiu Komartin, Dan Coman, Teodor Dun\u0103, Sebastian Sifft, Bogdan Perdivar\u0103, Oana C\u0103t\u0103lina Ninu, Andra Rotaru, Rita Chirian, Marius Ianu\u015f, Diana Geac\u0103r, Mihai Vakulovski, Alexandru Vakulovski, George Vasilievici, T.S. Khasis, Ruxandra Novac, Miruna Vlada, Cosmin Per\u0163a, Constantin Virgil B\u0103nescu, \u015etefan Manasia, \u015etefan Ba\u015ftovoi \u015fi \u015etefan Bolea<\/p>\n<p align=justify># <a href=\"https:\/\/surogat.egophobia.ro?p=258\"><em>Surogat de amintire<\/em><\/a> con\u0163ine un vers din c\u00e2ntecul <em>Spiel mit mir<\/em> al trupei Rammstein<\/p>\n<p align=justify># <a href=\"https:\/\/surogat.egophobia.ro?p=409\"><em>Surogat de veghe<\/em><\/a> con\u0163ine un vers din c\u00e2ntecul <em>Invoca&#355;ie<\/em> al trupei Phoenix<\/p>\n<p align=justify># pentru suport \u015fi sugestii constructive care m-au ajutat s\u0103 \u00eembun\u0103t\u0103\u0163esc volumul <em>SUROGAT<\/em> le mul\u0163umesc lui Carmen Lucia H\u0103l\u0103ciug\u0103 \u015fi lui \u015etefan Bolea<\/p>\n<p align=justify># o parte din textele din acest volum au ap\u0103rut, uneori \u00een versiuni anterioare sau cu alte titluri \u00een revistele Poesis, <a href=\"http:\/\/www.google.de\/url?sa=t&#038;source=web&#038;cd=1&#038;ved=0CBYQFjAA&#038;url=http%3A%2F%2Fwww.revistatribuna.ro%2F&#038;ei=6cBZTLeUHYbuOdPUgeQI&#038;usg=AFQjCNGMreIoAUjM-ojW-hgrdaT3M97jYg&#038;sig2=-gazp5mE6hz4PvbUQBuLbw\">Tribuna<\/a>, <a href=\"http:\/\/galateea.net\">Galateea<\/a>, <a href=\"http:\/\/tiuk.reea.net\">Tiuk!<\/a>, <a href=\"http:\/\/revistaargos.tk\">Argos<\/a>, <a href=\"http:\/\/nordlitera.ro\">NordLitera<\/a>, <a href=\"http:\/\/www.ziarulactualitatea.ro\/al\">Actualitatea literar\u0103<\/a>, <a href=\"http:\/\/www.revista-mozaicul.ro\/\">Mozaicul<\/a>, <a href=\"http:\/\/sisif.ro\">Sisif<\/a>, <a href=\"http:\/\/waterytimes.com\">Europe&#8217;s Times and Unknown Waters<\/a> \u015fi <a href=\"http:\/\/egophobia.ro\">EgoPHobia<\/a>, \u00een antologia Caiete m\u0103linene \u015fi pe site-urile <a href=\"http:\/\/clubliterar.com\">clubliterar.com<\/a>, <a href=\"http:\/\/hyperliteratura.reea.net\">hyperliteratura.reea.net<\/a>, <a href=\"http:\/\/poezie.ro\">poezie.ro<\/a>, fdl.ro \u015fi <a href=\"http:\/\/rocultura.ro\">rocultura.ro<\/a> <\/p>\n","protected":false},"excerpt":{"rendered":"<p># desenul de pe coperta volumului a fost f\u0103cut de Carmen Lucia H\u0103l\u0103ciug\u0103 # Surogat f\u0103r\u0103 idei con\u0163ine construc\u0163ii \u015fi idei din texte semnate de Marin Preda, George Bacovia, Edmond Haracourt, Mihai Eminescu, Mircea Dinescu \u015fi Nick F\u0103g\u0103dar # Surogat degenera\u0163ionist con\u0163ine construc\u0163ii \u015fi idei inspirate din texte semnate de R\u0103zvan \u0162upa, Cristian Pohrib, Dan [&hellip;]<\/p>\n","protected":false},"author":1,"featured_media":0,"parent":0,"menu_order":0,"comment_status":"open","ping_status":"open","template":"","meta":{"jetpack_post_was_ever_published":false,"footnotes":""},"class_list":["post-430","page","type-page","status-publish","hentry"],"jetpack_sharing_enabled":true,"jetpack_shortlink":"https:\/\/wp.me\/P7tHcY-6W","_links":{"self":[{"href":"https:\/\/surogat.egophobia.ro\/index.php?rest_route=\/wp\/v2\/pages\/430","targetHints":{"allow":["GET"]}}],"collection":[{"href":"https:\/\/surogat.egophobia.ro\/index.php?rest_route=\/wp\/v2\/pages"}],"about":[{"href":"https:\/\/surogat.egophobia.ro\/index.php?rest_route=\/wp\/v2\/types\/page"}],"author":[{"embeddable":true,"href":"https:\/\/surogat.egophobia.ro\/index.php?rest_route=\/wp\/v2\/users\/1"}],"replies":[{"embeddable":true,"href":"https:\/\/surogat.egophobia.ro\/index.php?rest_route=%2Fwp%2Fv2%2Fcomments&post=430"}],"version-history":[{"count":13,"href":"https:\/\/surogat.egophobia.ro\/index.php?rest_route=\/wp\/v2\/pages\/430\/revisions"}],"predecessor-version":[{"id":2004,"href":"https:\/\/surogat.egophobia.ro\/index.php?rest_route=\/wp\/v2\/pages\/430\/revisions\/2004"}],"wp:attachment":[{"href":"https:\/\/surogat.egophobia.ro\/index.php?rest_route=%2Fwp%2Fv2%2Fmedia&parent=430"}],"curies":[{"name":"wp","href":"https:\/\/api.w.org\/{rel}","templated":true}]}}